z(u) = -u. Let r(h) = 9*h - 1. Let l(s) = r(s) + 4*z(s). Let f be l(1). What is the tens digit of q(f)?
3
Suppose 2*j + 49 = b - 185, 5*b - 5*j - 1185 = 0. What is the hundreds digit of b?
2
Let f = -314 + 656. What is the hundreds digit of f?
3
Suppose 14*c + 13912 = 4*z + 16*c, 3*z - c - 10444 = 0. What is the tens digit of z?
8
Let d(u) = 5*u**2 - 214*u - 54. What is the units digit of d(45)?
1
Let r be (1/(-2))/((-14)/56). Suppose -r*q - 368 = -6*q. What is the units digit of q?
2
Suppose v - 6185 = -5*u - 0*v, 4*u = 4*v + 4948. What is the tens digit of u?
3
Let s(d) = d**2 + d + 1. Let m(t) = -t**2 - 2*t - 3. Let w(p) = -3*m(p) - 5*s(p). Let n be w(-5). Let v = 3 - n. What is the units digit of v?
4
Let j(x) = -2*x + 1. Let c(p) = -2*p + 2. Let r(z) = -3*c(z) + 2*j(z). Let b be r(3). Suppose u + 4 - 2 = b*a, 0 = -5*u + a + 35. What is the units digit of u?
8
Suppose 0 = 2*o - 3*n - 2091, -3*o + 3133 = 2*n - 3*n. What is the hundreds digit of o?
0
Suppose 230 = 5*y - 3*m, m - 104 - 34 = -3*y. What is the units digit of y?
6
Let a = 1 + -6. Let w(h) = h**3 + 5*h**2 - h - 2. What is the units digit of w(a)?
3
Suppose 0 = 10*f + 24*f - 14892. What is the units digit of f?
8
Let u = 76 + -76. Suppose 3*q + q - 728 = u. What is the tens digit of q?
8
Let o(c) = -c**2 - c - 1. Let n(z) = -4*z**2 - 5*z - 12. Let a(g) = -n(g) + 3*o(g). What is the tens digit of a(8)?
8
Let c = -430 + 1101. What is the units digit of c?
1
Suppose -22*n = -5*n - 9333. What is the hundreds digit of n?
5
Let d(t) = 75*t - 2. Let p = 4 + -3. What is the tens digit of d(p)?
7
Suppose 13 = 4*a - 7, -t + 3*a + 51 = 0. What is the tens digit of t?
6
Let c be (-68)/8 - (-1 - (-3)/6). Let m(w) = w**3 + 8*w**2 - 9*w + 5. What is the tens digit of m(c)?
7
Suppose 6672 = -73*x + 97*x. What is the hundreds digit of x?
2
Let q = 1006 - 465. What is the hundreds digit of q?
5
Let q be (-944)/(-6) + 2/(-6). Let p = -41 + q. What is the units digit of p/8 + (-1)/2?
4
Let i = -2970 - -5547. What is the thousands digit of i?
2
Let i be (-6)/(-6) - (0 + -40). Suppose x + i = 112. What is the units digit of x?
1
Suppose -33 = -5*k - c + 2*c, -k - c = -3. Suppose 0 = -k*q + 3*q + 9. What is the units digit of ((-4)/(-10))/(q/45)?
6
Let c = 61 - 52. What is the tens digit of c/(-1)*(-7 - -4)?
2
Suppose -11*a + 5*a = -498. Suppose l + 17 = -2*u + 197, u = 3*l + a. What is the units digit of u?
9
Let q(d) = -d**2 - 27*d - 41. What is the tens digit of q(-23)?
5
Let x(q) = -q**2 + 4*q - 3. Let u be x(3). Suppose 0 = -3*m - 5*o + 498, -4*o + 7*o - 9 = u. What is the units digit of m?
1
Let q(i) = i**3 - 2*i**2 + 5*i - 2. What is the tens digit of q(8)?
2
Let i = 1312 - 786. What is the hundreds digit of i?
5
Suppose 0*i + 2*i - 8 = 0. Let x(s) = -s**2 + 4*s + 1. Let n be x(i). What is the units digit of (8 + 26)/(n - -1)?
7
Let p = -1738 + 2461. What is the tens digit of p?
2
Let z = 178 + -19. What is the units digit of z?
9
Let h = 3 + -1. Suppose -3*q - 2*q + 5*o + 5 = 0, -o + h = 0. Suppose -4*i + 38 = -u, 3*u - q - 3 = 0. What is the tens digit of i?
1
Suppose 0 = -5*z + 3*l + 3557, -4*l - 877 - 2684 = -5*z. What is the units digit of z?
9
Let h = 253 - 142. Suppose x - 19 = h. What is the tens digit of x?
3
What is the hundreds digit of (1209/13)/(4 - 157/40)?
2
Suppose 0 = 3*m - m - 40. Suppose 3*k - m = -2*k. Suppose -46 = -2*b - k*g, 3*b - 2*g = -b + 132. What is the units digit of b?
1
Let d(j) = 29*j**2 + 5*j + 4. What is the hundreds digit of d(-5)?
7
Let q(u) = -8 + 11*u - 5*u + 0*u - 3*u. What is the units digit of q(6)?
0
Suppose 3*u - 12 = 5*w, u + u = -5*w + 8. Suppose -3*c + 0*c + 311 = -5*y, 5*c - 5*y - 505 = w. What is the units digit of c?
7
Let o(m) = -m**2 - 55*m + 168. What is the hundreds digit of o(-53)?
2
Let a(f) = 3*f**3 - 78*f**2 + 58*f - 63. What is the hundreds digit of a(26)?
4
Let b = 16 + -13. Suppose 4*m + 72 = -0*m - 2*i, b*m + 54 = 3*i. Let u = m + 35. What is the units digit of u?
7
Suppose b = -5 + 2. Let p be 2/b*12/(-2). Let d(u) = u**2 - 5*u + 6. What is the units digit of d(p)?
2
Let c(x) = 3*x**2 + 2*x + 6. Suppose -9*m + 8*m = -7. Let q(z) = 10*z**2 + 6*z + 18. Let h(b) = m*c(b) - 2*q(b). What is the units digit of h(-6)?
0
Let a(q) = q**3 + 21*q**2 - 40*q. What is the units digit of a(-22)?
6
Let b(c) = -c**3 + 4*c**2 - 2. Let k be b(-2). What is the tens digit of k/(-3)*1*-6?
4
Let p(o) = 3*o**2 - 28*o**3 + 10*o + 17*o + 7 - 22*o. What is the units digit of p(-2)?
3
Suppose 0 = -2*h - 5*h - 28. What is the tens digit of 2/h*(-9)/(18/220)?
5
Let f = 476 + -286. What is the units digit of f?
0
Suppose -31*m + 56257 + 14082 = 0. What is the units digit of m?
9
Let z(p) = 65*p**2 + 4*p + 12. Suppose -12*n = -13*n - 2. What is the tens digit of z(n)?
6
What is the hundreds digit of (12 - 4) + 3 + 112?
1
Let z(h) = -5*h**2 + h + 5. Let x(k) = -4*k**2 + k + 4. Let r(w) = -4*x(w) + 3*z(w). Let o(u) = u**2 + u + 2. Let v be o(0). What is the units digit of r(v)?
1
Let j(l) = 42*l - 4. Let u be j(2). What is the tens digit of (31 + -1)/(6 - u/14)?
0
Let y(r) be the second derivative of -r**4/6 - 47*r**3/6 - r**2 - 21*r. What is the tens digit of y(-19)?
6
Let l(v) be the third derivative of -5/6*v**3 + 1/20*v**5 + 0*v - 1/4*v**4 + 4*v**2 + 0. What is the units digit of l(6)?
7
Suppose -25*b = -24*b - 23. Suppose 0 = b*i - 19*i - 68. What is the tens digit of i?
1
Let l(v) = 8*v**2 + 5*v + 6. Let q be l(6). What is the tens digit of (6/12)/(3/q)?
5
Let m(x) = -x**2 + 8*x + 7. Let k be m(7). Suppose 10*r + 24 = k*r. What is the tens digit of 12/(-18) + 154/r?
2
Suppose 2*w + 3*n - 27 - 4 = 0, 5*w - n = 35. Suppose 4*q + w = -z + 3*z, -3*z + q = 3. What is the tens digit of z/10 - (-555)/25?
2
Let h(b) = 13*b**2 + 16. Let c be h(-6). Suppose 1792 = 6*o + c. What is the hundreds digit of o?
2
Suppose 91*i - 7201 = 129845. What is the thousands digit of i?
1
What is the hundreds digit of 7/42*3*784?
3
Let j(g) = -g - 1. Let m(w) = 15*w - 7. Let p(x) = 6*j(x) + m(x). What is the tens digit of p(9)?
6
Let m = 28 + -28. Let n be ((m + 43)*-1)/1. Let f = 62 + n. What is the units digit of f?
9
Suppose 6*x - 2*x + 16 = 0, 20 = l - 3*x. What is the units digit of (l/(-21) - (-12)/(-42))*-6?
4
Suppose -4 = 8*p - 12*p. What is the tens digit of 76/p + -10 + 11?
7
Let c(o) = -20*o - 3. Let w be c(-1). Let r(d) = 2*d**2 + d. Let t be r(2). Let p = t + w. What is the units digit of p?
7
Suppose 3*y - 52 = -y. Let t(z) = 10*z**2 - 10 + 2*z**2 - 13*z**2 + y*z. What is the tens digit of t(11)?
1
Suppose 2*f - f = 4. Suppose -3*u - 5*p = -214, 2*u - 43 = u + f*p. What is the tens digit of u?
6
Let a = -37 - -70. Let c be 60/a - 2/(-11). Let z(p) = 2*p**3 - 4*p**2 + 2*p + 1. What is the units digit of z(c)?
5
Let m(i) = -46*i - 18. Let x(z) = 23*z + 9. Let r(l) = 3*m(l) + 7*x(l). What is the tens digit of r(3)?
7
Let i(x) = 51*x**2 - x - 1. Let l be (-5)/(22/8 + -3). Suppose -20 = -5*a + a, -5*a + l = 5*r. What is the tens digit of i(r)?
5
Suppose 7*x + 8019 = 18*x. What is the tens digit of x?
2
Let o(n) = 9*n**2 + 1. Let g be o(1). Suppose -13*a + 327 = -g*a. What is the tens digit of a?
0
Let t(z) = 16*z**2. Suppose -3 = -c - 3*s, 3*c = 4*c + 5*s - 5. Let u = -1 - c. What is the units digit of t(u)?
6
Let p = 1190 - 136. What is the hundreds digit of p?
0
Let v(w) = -w + 1. Let m be v(-4). Suppose -5*d + 6*d = m. Suppose -4*z - 7 + 32 = 5*s, -5*s = d*z - 20. What is the units digit of s?
9
What is the tens digit of 6/(-12)*51*-4?
0
Let b(r) = -r**3 - 2*r**2 + 2*r - 1. Let k be b(-3). Let a be (1 + k + -3)/(-3). Suppose a*l - 5*l = -90. What is the tens digit of l?
1
Let w = 301 - 121. What is the hundreds digit of w?
1
Let d = 6 - 8. Let j be ((0/d)/(-3))/(-1). Suppose 2*x + 0 - 10 = j. What is the units digit of x?
5
Suppose -145 = -5*v + 3*b, 5*v - 209 = -5*b - 24. Suppose -v = -14*z + 12*z. What is the units digit of z?
6
Let s(m) = m**2 - 2*m - 5. Let q = 12 - 10. Suppose -5*t = -q*z - 4 - 13, -t = -2*z + 3. What is the units digit of s(z)?
3
Let s = 20 + 31. What is the tens digit of s*6*1/9?
3
Let j(z) = z**2 + 2*z + 6. Let a be j(0). Suppose 4*l - a*l = -178. What is the tens digit of l?
8
Let s = 572 + -387. What is the units digit of s?
5
Let j be ((-12)/10)